eatest common factor of 2110357 and 365?
73
What is the highest common divisor of 29032 and 9018638?
382
Calculate the highest common divisor of 57 and 220827.
3
Calculate the greatest common factor of 4720 and 34384020.
1180
Calculate the highest common divisor of 8132 and 1071284.
428
What is the greatest common divisor of 194847 and 21079?
107
Calculate the highest common factor of 49712 and 5217056.
208
Calculate the greatest common divisor of 5629960 and 35560.
280
Calculate the greatest common factor of 96794 and 234.
2
What is the greatest common divisor of 1026 and 6717978?
54
What is the highest common factor of 36331190 and 2163?
721
What is the greatest common factor of 6344 and 2617693?
793
Calculate the highest common factor of 11 and 1195139.
11
Calculate the greatest common factor of 1278222 and 726.
66
Calculate the highest common factor of 3286216 and 15544.
536
What is the highest common divisor of 651554845 and 985?
985
Calculate the highest common factor of 3535 and 451452022.
707
Calculate the highest common divisor of 768 and 1864452.
12
What is the highest common divisor of 859950 and 22575?
525
Calculate the greatest common factor of 16211 and 33885462.
559
What is the highest common divisor of 573 and 253640169?
573
What is the highest common divisor of 1771882 and 871?
67
Calculate the greatest common factor of 81 and 12052629.
9
What is the greatest common factor of 135000 and 11610?
270
Calculate the greatest common divisor of 639 and 5107968.
9
What is the greatest common divisor of 476 and 1680476?
28
What is the highest common factor of 133168 and 93931?
1189
What is the highest common divisor of 13663 and 19392001?
1051
What is the greatest common divisor of 2712 and 43698230?
226
Calculate the highest common divisor of 1208604 and 120.
12
Calculate the greatest common factor of 13953663 and 201.
3
Calculate the greatest common divisor of 113505396 and 204.
204
What is the highest common factor of 714 and 49540302?
42
Calculate the greatest common factor of 23282600 and 627.
209
Calculate the highest common divisor of 45347236 and 748.
44
What is the greatest common factor of 35079325 and 3550?
1775
What is the greatest common divisor of 143234460 and 216?
108
Calculate the greatest common factor of 241998 and 132414.
4566
What is the highest common factor of 209 and 9080290?
19
What is the highest common divisor of 152847 and 297?
27
What is the highest common factor of 59169 and 785532?
363
What is the greatest common factor of 367589 and 19680650?
3253
What is the highest common factor of 9081456 and 8?
8
What is the highest common divisor of 21855 and 272242?
31
Calculate the greatest common divisor of 774653 and 198.
11
Calculate the greatest common factor of 196607 and 365007.
421
What is the highest common divisor of 3235 and 7104707?
647
What is the highest common divisor of 2574896 and 138?
46
Calculate the highest common factor of 737 and 3459679.
67
Calculate the highest common divisor of 61668 and 358588.
2284
Calculate the greatest common factor of 69244455 and 427.
427
Calculate the highest common divisor of 28575 and 5576570.
635
Calculate the highest common factor of 17605737 and 1953.
279
Calculate the greatest common divisor of 403256 and 3939992.
1064
What is the greatest common factor of 8552550 and 92?
46
Calculate the greatest common factor of 2056720 and 18598.
1094
Calculate the highest common divisor of 2717127 and 299366.
2537
Calculate the highest common divisor of 147 and 1732101.
147
What is the highest common factor of 46335912 and 21?
21
What is the greatest common divisor of 2119 and 514319?
13
Calculate the highest common factor of 16232078 and 358.
358
What is the highest common factor of 43386788 and 40018?
3638
What is the greatest common factor of 3036 and 2837901?
759
What is the highest common factor of 10470 and 32754348?
2094
What is the highest common divisor of 1702161 and 46?
23
Calculate the highest common divisor of 3237688 and 369.
41
Calculate the highest common factor of 609306606 and 54.
18
What is the greatest common factor of 47360 and 339012352?
9472
Calculate the greatest common factor of 31789384 and 264.
88
Calculate the greatest common divisor of 383772963 and 39192.
4899
What is the greatest common factor of 15741 and 25387?
53
What is the highest common factor of 8184 and 1839948?
132
What is the greatest common factor of 1630 and 479546?
326
What is the greatest common divisor of 7992 and 77900688?
2664
What is the highest common divisor of 30 and 4572198?
6
Calculate the highest common factor of 79622 and 654454.
1942
What is the highest common divisor of 1633 and 34408?
23
What is the greatest common divisor of 4058727 and 2193?
129
What is the greatest common divisor of 143 and 581911?
11
Calculate the highest common divisor of 92365524 and 288.
36
What is the greatest common factor of 7600 and 266620?
20
What is the highest common divisor of 28473381 and 269?
269
What is the highest common divisor of 3327 and 130523755?
1109
Calculate the highest common factor of 6731 and 2597371.
53
Calculate the greatest common factor of 63820 and 5080.
20
What is the highest common divisor of 90 and 15157230?
30
What is the greatest common factor of 84900 and 19260?
60
What is the greatest common divisor of 265392 and 732156?
1164
What is the greatest common divisor of 2356 and 1449436?
124
What is the greatest common divisor of 6245 and 1164270?
5
Calculate the greatest common factor of 21553749 and 945.
189
Calculate the greatest common divisor of 713473 and 459.
17
What is the highest common factor of 17072 and 141680?
176
What is the greatest common divisor of 2793678 and 20043?
51
Calculate the highest common divisor of 40716730 and 3830.
3830
What is the greatest common divisor of 38 and 1357896?
2
What is the greatest common divisor of 5379 and 115743529?
1793
Calculate the greatest common factor of 123338 and 2656.
166
Calculate the greatest common divisor of 82473 and 9912363.
2229
Calculate the greatest common divisor of 59338206 and 69.
69
What is the greatest common divisor of 26651497 and 3942?
73
Calculate the greatest common divisor of 114 and 216404908.
38
What is the highest common factor of 391 and 162585875?
17
What is the greatest common divisor of 4370 and 14817290?
230
Calculate the highest common divisor of 1351503 and 368.
23
Calculate the highest common factor of 288925 and 31975.
25
What is the greatest common divisor of 17542 and 75313?
49
What is the highest common divisor of 15691357 and 4862?
187
Calculate the highest common divisor of 8861494 and 3551.
53
What is the highest common factor of 2312 and 1555891?
17
Calculate the highest common factor of 1430494 and 6370.
26
Calculate the greatest common factor of 1173078 and 27.
9
Calculate the highest common divisor of 10067730 and 30.
30
What is the greatest common factor of 110541767 and 21?
7
Calculate the highest common factor of 10472 and 5511128.
952
What is the highest common divisor of 1049568 and 26013?
1131
What is the greatest common divisor of 58567625 and 38125?
7625
What is the highest common factor of 4272 and 395019024?
4272
Calculate the highest common divisor of 2532 and 3065830.
422
Calculate the greatest common factor of 61 and 2149684042.
61
Calculate the greatest common factor of 12075232 and 650.
26
Calculate the highest common divisor of 38647 and 3346.
7
What is the highest common factor of 34551615 and 105?
105
Calculate the highest common divisor of 481628602 and 39.
13
Calculate the greatest common divisor of 1344 and 159786240.
192
What is the highest common divisor of 385099442 and 2093?
2093
What is the highest common divisor of 18144 and 6796832?
224
What is the highest common factor of 290412346 and 28?
14
What is the highest common factor of 2873 and 10690433?
2873
What is the greatest common factor of 6461 and 547197?
497
Calculate the greatest common divisor of 174864 and 10416.
48
What is the greatest common factor of 175699679 and 93616?
5851
What is the highest common factor of 33226429 and 1205?
241
Calculate the greatest common divisor of 36045660 and 378.
42
What is the highest common factor of 12293745 and 20?
5
What is the highest commo